?
-4
What is 13 + -4 + 0 - (69 + (-52 - (32 - 57)))?
-33
What is the value of -10 - (-17 + (-24 - -37)) - (0 + -25)?
19
What is the value of 1 - 13 - (84 - 123 - (-1 + -17))?
9
Calculate -80 + (26 - (0 + 9)) + (-5 - -24).
-44
9 + (-20 - -17 - (-9 - -7)) - -10
18
Calculate 9 + ((-14 - -27) + -47 - (-10 + 0)).
-15
What is the value of 132 + -23 + 3 + 21 + -67?
66
Calculate (-24 - (-58 - (35 + -30))) + -164.
-125
What is 2 + 0 + 30 + 41 + -23 + -12?
38
What is (-17 - -4) + -16 + -27 + 134?
78
What is the value of (-483 - -680) + -52 + -31?
114
Evaluate 8 + (-90 - (8 - 5) - (58 - 56)).
-87
What is -4 + 10 + -6 + -215 + 50 + 54?
-111
(1 - -6) + (-1840 - -1689)
-144
Evaluate (-2 - -1 - (8 + -2)) + (29 - (-12 + -2)).
36
Evaluate 20 - (3 + 2 + 40 + -27).
2
Evaluate 0 - (-96 + 0) - (-3731 - -3740).
87
(28 + -25 - (-32 - 0)) + 21 + -19
37
Calculate (67 - 29) + -31 + -64.
-57
What is the value of 72 + (4 + 2 - ((5 - 8) + (12 - 14)))?
83
Evaluate 45 + 1 + -114 + 111 - (18 + -5 - 3).
33
Calculate -482 + 383 - (6 + 5 + -38).
-72
Calculate 35 - (75 - (72 + -36)).
-4
Calculate -3432 + 3408 + (1 - -39).
16
Evaluate 223 + -210 + (-2 - (4 - 25)).
32
3 - (9 + -2 + (-13 - -55 - 8))
-38
Evaluate 8 - -85 - 42 - 61.
-10
What is (12 + -31 - -23) + 25 - (0 + -3 - -2)?
30
Calculate 16 + (-14 - (-8 - 0)) + -52.
-42
Evaluate -162 + 24 + 139 - (-64 - (0 + 0 + -3)).
62
Calculate -57 - ((-1 - -3) + 13 + 16).
-88
Calculate -4906 + 4837 - (-2 - -82).
-149
Calculate (8 + -1 + (-9 - 62) - -7) + -44 + 49.
-52
Evaluate -11 + (8 - (-15 - -13)) - (9 - 1).
-9
54 + 32 + 39 + -80
45
41 - (-11 - (-24 + 22) - 13)
63
Evaluate 17 + (59 - (-4 + 7)) + -25.
48
What is 1881 - 1933 - (-67 + 1)?
14
Calculate 43 - (38 + -52 + 105).
-48
Evaluate -26 + -33 + 8 + 18.
-33
What is the value of -114 + 96 - (-7 - (-2 + 4 - 1))?
-10
What is (-2 - -21) + 7 + -10 + (-3 - 6 - -4)?
11
Evaluate -6 + (267 - 248 - (7 - 0) - 0) + -13.
-7
(-21 - -58) + -13 - (73 + -3)
-46
73 + (-29 - 6) + -7
31
What is (26 - 2) + (390 - 403)?
11
What is the value of (-40 - ((16 - 9) + 2)) + 92 + -109?
-66
What is the value of -4 + -6 - (3 + (-3 - -2) - (-15 + 14))?
-13
(22 + -1 - (45 + -51)) + (-27 - -16)
16
What is the value of -3647 - -3660 - (-1 + 22)?
-8
13 + 153 + -141 + -8 + (4 - 7)
14
What is -32 - -119 - 89 - (-39 - 1)?
38
What is 48 + 116 + -145 - ((1 - 3) + 6)?
15
62 + (-78 - -46) - 3
27
What is 17 - (-4 - -7) - (-8 + 16 - (-20 + 25))?
11
What is the value of (-55 - 1) + 142 + (31 - 181)?
-64
What is the value of (27 - 8) + 31 + -79 + -20?
-49
3629 + -3579 + -2 + 1
49
Calculate -14 - ((64 - 35) + -66).
23
What is (5 - 2) + 5 + -2 + 12 + (15 - 25)?
8
Evaluate (0 - -10) + (164 + 14 + 25 + -27 - 28).
158
Evaluate (-67 - -11) + -3 + 50.
-9
What is the value of (-1 - 5) + (9 - 6) + 0 + (-9 - -17)?
5
Evaluate (53 - 59) + (-21 - 2 - 8 - (-2 - -7)).
-42
What is the value of 2 - (46 - -9 - 20) - 23?
-56
Calculate (-13 - (-23 - 50)) + -10 + (-1 - 4).
45
What is 0 + -9 + (28 + 28 + -39 - (9 + -11))?
10
Calculate 25 + (-24 - (4 - 13)) - (-18 - 39).
67
-2 + 3 + -9 + (-10 + 22 - -9)
13
What is (-1 - -24) + (-28 - (-25 - -83))?
-63
Calculate -33 - -67 - 0 - -17.
51
Evaluate 81 + (-6 - -4 - (6 - (25 + -28))).
70
Calculate (-12 - (9 - 34)) + (3 - 15) + 5 - -98.
104
What is -122 - -106 - (-52 - -6)?
30
What is -134 - -6 - (2130 - 2170)?
-88
Evaluate 10 - (-40 + (-24 - -82)).
-8
Calculate (-2 - 7) + (-73 - (0 + -60)).
-22
(324 - 116 - 245) + 4 + 1
-32
Calculate -55 - (59 + -108) - (-2 + -14).
10
What is the value of (-84 + 0 - (26 + -27 + 4)) + (-20 - -10)?
-97
What is the value of 3 + (-64 - -26) + 83 + -27?
21
What is (96 - 57) + (7 - ((-1 - 2) + (41 - 25)))?
33
Evaluate -1 + -1 - (-44 + 42 - (6 + -1)) - 43.
-38
What is the value of 66 - -1 - (-2108 + 2123)?
52
Calculate -7 - (68 + -151 - -39).
37
Calculate (-26 - -3) + (12 - (2 + -6 - -11)).
-18
(2 - 1) + -248 + 304 - 21
36
What is the value of -244 - (-158 + 106) - -70?
-122
What is the value of 256 + (-62 - (204 + -130))?
120
Evaluate 19 - 28 - (-31 + 6).
16
Evaluate 3036 - 3095 - (0 + 0).
-59
Evaluate -2 + 5 + (-43 - -9) + 28 + 31.
28
What is the value of -22 + -51 + 31 + 81?
39
What is the value of 2 + (-17 + 9 - -13) + (-55 - -26)?
-22
What is -12 - ((13 - (-1 + 1)) + (-635 - -666))?
-56
Evaluate 2 + -1 + (-12 - (-26 + 17) - -14).
12
What is the value of (-38 - -123) + 4 - -6?
95
(-5 - (2 + -5 + 11)) + (-60 + 0 - 4)
-77
What is (26 - -4) + -107 + 25?
-52
What is -6 + -24 + (22 - 5) - (0 - 13)?
0
-57 + -21 + (-28 - -147)
41
(-31 + (21 - -89) - 1) + -31
47
What is 34 + -92 + -37 - -173?
78
-76 + -8 + -2 + (31 - (-46 + 73))
-82
Calculate 0 + 103 + (-36 - (177 - 183)).
73
46 + (-172 - -50) + 44
-32
Evaluate -7 + 23 + 34 + -2 + (-6 - -2).
44
Calculate -11 + (16 - 5) + (-2 - -103 - (16 + -4)).
89
Calculate 2 + -2 + 3 + (-10 - (-4 - -18)).
-21
What is ((-1 - 0) + 0 - (-903 - -899)) + 3 + -6?
0
(-13 - -27 - 4) + 90 + 9 + -29
80
Calculate -18 - ((-6 - 22) + (-168 - -108)).
70
Evaluate -29 - (-9 + 3 + (14 + -5 - 11) - 5).
-16
What is the value of 5 + 0 + (15 - 11) + -47 - -12?
-26
What is 1071 - 1138 - (5 - (38 - 4))?
-38
What is the value of 10 + 0 + 0 + (-17 - (-17 + -11))?
21
-1 + 4 - (-6 + 15 - (5 + -6 + -6))
-13
Calculate (-32 - -86) + -137 + 31.
-52
What is 11 + -22 + 34 + 0 - -40?
63
Calculate -46 - (31 - 21 - 46).
-10
-27 + (0 - 12 - (156 + -160)) - (-1 + 0)
-34
(68 - 2 - 4) + (-19 - 33 - -53)
63
What is 53 - (-16 + 112 + -56)?
13
Evaluate 15 + 79 + -7 - 164.
-77
Evaluate -86 + -10 - (-9 + -6 + -1).
-80
What is the value of (-2 - (0 + -60)) + (-1 - (-13 + 1)) + -5?
64
What is the value of 4 + 2 + -42 + -78 + 95?
-19
-48 - (22 - 8 - -18 - 26)
-54
Calculate -2 + -9 - (3 + (-2 + -59 + 1 - 1)).
47
What is the value of 126 - 8 - (-26 - (20 + -42))?
122
-2 - 134 - (-166 - -152)
-122
(4 - (22 + -1)) + -8 + 17 - (6 + 65)
-79
-2 + 8 - (30 - 34) - (1 + 44 - -10)
-45
Calculate -30 + (-1 - -36) - 9 - (-11 - (3 + 1)).
11
Calculate (25 - 4) + (-10 - -20 - 24) - -19.
26
Evaluate (-95 - -67) + (3 - (25 + -6)).
-44
Evaluate 10 + (-6 + 62 - 25) + -17.
24
Calculate 3 + (1 + 18 - (-38 + 52)) + (3 - -3).
14
What is -3 + (-12 - (8 - 22) - -11) - 1?
9
What is 50 - (4 + -1 + -32) - (0 - -1 - -11)?
67
What is 6 + -30 - (12 + -40) - 13?
-9
Calculate 44 + (-6 + 1 - (14 - (13 - 9 - -12))).
41
What is (273 - 266) + (-2 - (-1 + 3)) + 13?
16
What is 31 - (-16 - (-29 + -4)) - 49?
-35
-2 - -6 - -13 - 10 - 19
-12
What is the value of -47 + 23 - -34 - (-10 + (9 - 3))?
14
Evaluate 23 + -19 + -5 - 8 - (2 - -20).
-31
What is the value of (159 - 170) + -4 + 9 + 1 + -10 + 36?
21
(-84 - 1) + (7980 - 7840)
55
Evaluate (9 - 26) + 7 + 5 + (-73 - (-3 - 5)).
-70
What is -196 + 184 - ((-10 - -8) + (-68 + 3 - 3))?
58
What is the value of -75 - (15 + -28) - (11 - 3 - 13)?
-57
Calculate -17 - (-80 + -5 + 51).
17
Calculate -25 + -26 + (19 - 22 - -17).
-37
Evaluate -11 + (35 - (24 - -22) - (-98 + -1)).
77
What is 3 - (-22 + 19) - (9 - 2) - 13?
-14
What is -42 + 0 + -3 + (3252 - 3233)?
-26
What is -5 + -8 + 11 + -7 + (240 - 145)?
86
0 + (3 - 7) + 1 + -41 + 7
-37
What is (-156 + 85 - 49) + -2?
-122
1241 + -1223 - (0 - (-2 + 0 + 5))
21
What is the value of (-51 - -55) + -15 + 14?
3
Calculate (-7 - (-42 - (-18 + -15))) + -41 + 2.
-37
What is -41 + (56 - 50) - (0 - 19)?
-16
Calculate 38 + (-164 - 88) + 140.
-74
Evaluate (-12 + -3 + 9 - -13) + 5 + 42 + 74.
128
What is the value of -36 + 163 + (48 - 235)?
-60
(-17 - (7 + -10 - 13)) + -50
-51
11 + 10 + 11 + -44 - -3
-9
Calculate -166 + (-90 - -129 - -47).
-80
What is 48 + (19 + -88 - -12)?
-9
Calculate -100 + (484 + -500 - ((-6 - -8) + -7 + 0)).
-111
Evaluate (2 + -1 - (191 - (-51 - -245))) + -85 + 1.
-80
Calculate -284 + 308 + 4 + 2 + 6.
36
-12 + 11 + 1 + -2 + -35 - (6 + 1)
-44
(79 - -2) + -74 + 0 + -14
-7
What is the value of 20 - (4 + -2 + (1 + -17 - (-57 + 49)))?
26
Calculate -44 + (51 - 11) + (-7 - -1) + -7.
-17
Calculate (-5 - (-20 + 38)) + 6 + 63 + -7.
39
Calculate -10 + 5 + -4 - 10 - (-1 + -8) - 7.
-17
Evaluate 10 - (1 - (-8 + 2 - -9)).
12
What is 20 + (32 - 18 - 19) + -13 - (-13 + -1)?
16
What is the value of -22 + 89 + (-15 - -2 - -7 - (16 - 32))?
77
What is the value of -26 - ((7 + -2 - 21) + -3)?
-7
What is -2 + 0 - -11 - (15 - (-10 - -20 - 31))?
-27
Evaluate 14 + (19 - 9) +